e number?
False
Let w = -5 - -7. Suppose w*y + 20 = 5*g, -2*y - g = 3*g - 16. Suppose 2*v = -2*v - 2*s + 208, -4*v - 3*s + 206 = y. Is v a composite number?
False
Suppose -2405 = 7*k - 12*k. Is k prime?
False
Let k(j) be the third derivative of -j**5/30 - j**4/8 - j**2. Let f be k(-2). Is ((-35)/f)/5*10 composite?
True
Let l = -5 + 30. Let s = 110 - l. Is s a composite number?
True
Let s = -379 - -1022. Let t = s - 302. Is t prime?
False
Let v be 1 - 6/(8/(-4)). Suppose 5*w = 2*q + 1319, v*q = -1 - 7. Is w prime?
True
Let f(h) = 48*h**2 + h. Let g = 0 - -1. Is f(g) a prime number?
False
Suppose 0 = 5*k - 5*r - 1255, -5*r - 295 = -4*k + 706. Is k prime?
False
Let s = -264 + 671. Is s a composite number?
True
Suppose 0 = -4*i + 3*i - 1. Is i - (-116 + 0 - -2) composite?
False
Suppose -2*q + 2*n - 114 = 0, 4*q + 2*n + 203 = n. Let x = q - -270. Suppose -5*w + 3*w + 3*k = -250, 2*w + 5*k = x. Is w prime?
False
Let k(z) = z**3 - 7*z**2 - 5*z - 6. Let x be k(8). Let o be ((-74)/(-6))/(2/x). Let a = o + -74. Is a a prime number?
True
Let h = 255 + -78. Suppose -315 = 3*m - 2*b + 5*b, -205 = 2*m + 3*b. Let u = h + m. Is u a composite number?
False
Let g(a) = 1 + a + a + 4*a**2 + 0*a + 116*a**2. Let l be 1 + 2 + 1 + -5. Is g(l) composite?
True
Let q(w) = w**2 + 1. Let j be q(2). Suppose -j*s = -3*g - 0 + 5, 3 = -2*g - 3*s. Is -127*(-3 + g + 2) a prime number?
True
Let j = -686 + 1017. Is j a prime number?
True
Let w(z) = 10*z**2 + z + 3. Let i be w(5). Let l = 29 + i. Is l a composite number?
True
Let i(m) = 13*m**2 - 5*m + 4. Let c be i(-6). Suppose o + 2*q = 5*o - c, -3*o + 396 = 5*q. Is o a composite number?
False
Let f = 530 + -742. Let a be ((-25)/(-10))/((-2)/f). Suppose -a = -7*c + 2*c. Is c a composite number?
False
Let a = 45 - -76. Suppose 3*z = 2*z - 5*f + 8, 0 = -5*z + 2*f + a. Is z prime?
True
Suppose 2*l - 1955 = l. Suppose -l = -5*i - 5*m, 2*m - 1558 = 4*i - 8*i. Suppose 3*k - 5*q = i, 0*q = k - 2*q - 129. Is k prime?
True
Let g(a) = -2*a**3 - 12*a**2 + 9*a - 8. Is g(-9) a prime number?
True
Suppose 6*m - 4 = 2*m. Let d be (m + (-2)/4)*250. Let t = d - 60. Is t a prime number?
False
Suppose 5*a - 3083 = 2*h - 6*h, -2*a = -4*h - 1222. Suppose -l + 2*l = 3, 0 = -3*w - 2*l + a. Is w a prime number?
False
Let q(o) = o**3 - 2*o**2 + 14*o - 6. Is q(7) composite?
False
Let a = 159 + -85. Is a a composite number?
True
Let k be 1*(0 - 1)*0. Let h = k - -2. Suppose 0 = h*p - 3 - 3. Is p composite?
False
Let p(j) = j**3 + 4*j**2 - 3*j + 3. Is p(-4) a composite number?
True
Let q = 0 - -3. Suppose q = 2*n - 1. Is n a composite number?
False
Let u be (3 - -1)/((-2)/(-2)). Suppose -3*l = -l + j - 33, -4*l + 48 = -u*j. Suppose -l = 3*k, 3*n + 5*k + 0*k = 68. Is n prime?
True
Suppose 2*q = 3*w + 77, 4*w + 88 = -0*q - q. Let u = 16 - w. Is u prime?
False
Let n be -2 + 588 - (-6)/3. Let o = n - 173. Is o a prime number?
False
Suppose 3*z - 6*z + 9 = 0. Suppose 195 = z*o + 2*o. Is o a composite number?
True
Let j(d) = d**2 - 2*d + 397. Is j(0) a composite number?
False
Let a be -3*-2*(-10)/(-12). Let q(n) = n**3 + 13*n**2 + 9*n + 6. Let y be q(-11). Suppose 0 = -a*f + y + 106. Is f prime?
False
Suppose 98 - 2336 = 3*o. Let l = 1075 + o. Is l composite?
True
Suppose v = -v + 12. Is (-6)/18 + 1220/v prime?
False
Let r(l) = 9*l**2 + 0*l**2 - 5*l**3 + 6*l**3 + 3*l**2 + 10 - 6*l. Is r(-9) composite?
False
Let k be (-5 + 0)*208/5. Let d = k - -467. Is d prime?
False
Is 1322/2 - (-7)/7 a prime number?
False
Suppose 4*t - 3709 = 895. Is t composite?
False
Let d(m) = m**2 + m + 55. Let u be d(0). Suppose 5*h - u = 10. Is h composite?
False
Let f(c) be the third derivative of -c**4/24 + c**3/2 - 3*c**2. Suppose -2*b + h = 24, 2*b - h + 32 = 2*h. Is f(b) a composite number?
False
Let k = 12 - 3. Suppose 11*h - k*h = 358. Is h prime?
True
Is (-10 + -4)/((-4)/202) composite?
True
Let l(m) = 764*m**3 - 3*m**2 + 2. Is l(1) a prime number?
False
Let i be (-52)/(-16) + (-2)/8. Suppose 5*x - 58 = -2*m, -m = 2*m + i*x - 105. Is m prime?
False
Suppose 3*m - 27 = -4*b, -b + m = -11 - 1. Is (-4)/6 + 879/b prime?
True
Let s be 3/(-2)*12/9. Let u = s - -4. Suppose g + u*g - 165 = 0. Is g prime?
False
Let j be -3*(1 + (-10)/6). Let t be (2 + -7)*(-1428)/20. Suppose -j*b + t = b. Is b composite?
True
Let u(w) = -5*w**2 - 2*w + 1. Let c be u(-2). Is (-114)/c + (-12)/20 composite?
False
Suppose -3*c = 5*p - 301, c - 97 = -3*p + 82. Is p a prime number?
True
Let v = 82 - 150. Let j = v - -117. Is j a prime number?
False
Suppose y + j + 215 = 762, 2*y - 5*j - 1066 = 0. Is y prime?
False
Let p(h) = h**3 + 12*h**2 + 3*h + 3. Let t be p(-5). Let l = 312 - t. Is l a composite number?
False
Let x be ((-16)/10)/(2/(-5)). Suppose -x*o + o = -30. Is o composite?
True
Let w(d) = -d**3 - 7*d**2 + 9*d - 12. Let j(f) = 2*f - 1. Let s be j(-4). Is w(s) a prime number?
False
Is (-18821)/(-4) - (-2)/(-8) a composite number?
True
Is (-161)/(-5) + 8/10 prime?
False
Let b(i) = -43*i + 2. Let t be b(-4). Suppose 5*z - t = -4*k, -z + 35 = -0*k + k. Is z composite?
True
Suppose -5*w = -5*j + 108 + 887, -w - 605 = -3*j. Is j composite?
True
Let r(s) = -s**3 + 4*s**2 + 7*s - 6. Let d be ((-10)/3)/(6/(-9)). Let b be r(d). Suppose -i - n = -6*n - 183, b = -n. Is i prime?
True
Suppose 0 = -5*j + 5771 + 11454. Suppose c - j = -4*c - 5*t, -2*c + t = -1378. Is c prime?
False
Let o(h) = h**3 - 10*h**2 - 3*h - 9. Is o(11) a prime number?
True
Let y = -1 - -1. Let b(u) = u**2 + u - 10. Let q(t) = t**2 + t - 9. Let a(l) = 6*b(l) - 7*q(l). Is a(y) a prime number?
True
Let g(c) = -c**3 + 3*c**2 + 2*c - 1. Let q be g(3). Suppose -5*f + 7 = o, q*f = o - 0*o + 13. Suppose -6*i = -f*i - 104. Is i prime?
False
Let m(i) = 3*i**3 + i**2 - i. Let k be m(1). Suppose 5*o + 3*c + 5 = 0, 3*c + 4 = -k*o + 1. Is (1 - -857)/3 - o a composite number?
True
Let v be 1630/15 - 1/(-3). Suppose l + v = 3*h, -3*h + l = 2*h - 183. Is h composite?
False
Suppose k - 4*d = 299, -3*k + 4*d - 2*d + 917 = 0. Is k composite?
False
Suppose 0 = -3*o + 6, 2*l - 2 = 5*l - o. Suppose -3*g - 2*q + 753 = l, 5*g = -0*q - q + 1255. Is g a prime number?
True
Let b = 92 + -52. Let i = 66 - b. Is i a composite number?
True
Suppose 0 = 2*m - 2*g + 306, 5*m + 2*g - 321 = -1121. Is m/(4 + (-90)/21) composite?
True
Suppose 4 - 14 = -5*j. Let b = -3 + j. Is (-888)/(-18) + b/3 a prime number?
False
Suppose -2*y = y + 285. Let u = -36 - y. Is u prime?
True
Suppose f = -2*f - s + 2, 10 = 2*s. Let k = f + 78. Is k composite?
True
Suppose -2*t - s = -6*t + 43, 0 = 3*t - s - 31. Suppose -3*w + t = -12. Is -1*(w/(-2))/1 composite?
True
Let a = -21 - -22. Is a + -8 + 4 - -382 a prime number?
True
Suppose 0*k = -2*k + 6. Suppose -53 = -z - j, 3*z = 4*z - 3*j - 41. Suppose 3*i - 60 = -k*h + 30, -5*h = -3*i + z. Is i prime?
False
Is 8/2*4220/16 composite?
True
Suppose 0 = -5*s - i + 3598, s + i = 6*s - 3592. Is s prime?
True
Let r(u) = u**3 + 11*u**2 - u - 9. Let q be r(-11). Let p(z) be the second derivative of 7*z**4/12 + z**3/6 + z**2/2 - 2*z. Is p(q) a composite number?
False
Let q(l) = 29*l**2 + 14*l + 4. Is q(5) a prime number?
False
Let s(r) = 2940*r**2 + r. Is s(-1) composite?
False
Suppose 0 = -5*s + 2*s + 15. Suppose -781 = -4*r - s. Is r a prime number?
False
Let f(a) = 4*a**2 + 2*a - 1. Let j = -4 - -8. Is f(j) a prime number?
True
Suppose w - 7*w = -534. Is w composite?
False
Let c = -702 + 1009. Is c composite?
False
Let d(q) = -11*q**3 - 27*q**2 - 29*q - 10. Let i be (-2)/7 - 38/14. Let b(f) = -4*f**3 - 9*f**2 - 10*f - 3. Let z(k) = i*d(k) + 8*b(k). Is z(-8) prime?
False
Let w(r) = 3*r. Suppose -1 = -q + l + 3*l, -5 = -5*q + 4*l. Let x be w(q). Suppose -4*v - 22 = -2*b + 6, 3*b - x*v = 36. Is b a composite number?
True
Suppose 3*v - 6*v = -6. Let x be -3*v/(-6) + 2. Suppose 3*b = -h + 2*h + 103, 0 = -2*b + x*h + 64. Is b a prime number?
False
Let w(d) be the third derivative of 683*d**6/120 + d**4/24 - d**3/6 - d**2. Is w(1) a composite number?
False
Let r = 460 - -2043. Is r prime?
True
Let s(r) be the second derivative of -r**5/20 + r**4/12 - r**3/6 - 3*r**2/2 - 3*r. Let k be s(0). Is (-1)/(k/81) - 1 prime?
False
Let u = 512 + -321. Is u a prime number?
True
Let u(g) be the second derivative of -13*g**3/6 - 2*g**2 - 2*g. Let q(a) = -2*a**2 - 1. Let j be q